of (-566)/(-8) + x/(-4)?
71
Let s(z) = -3*z - 21. Let x be s(-9). Suppose 2*n = x, 0 = l - 3*n - 2*n - 34. Suppose -47 = -4*b + l. List the prime factors of b.
2, 3
Suppose 5*r = -4*j + 533, 105 = 2*r - 4*j - 97. Suppose -3*q - 78 = 3*v - v, 4*q + 3*v = -r. List the prime factors of (16/q)/(4/(-114)).
19
Let q be 1/(-6) - (-41)/(-6). Let h = 0 - q. What are the prime factors of (-9)/((-3)/1) + h?
2, 5
Suppose -3*f + 3*m = -6420, 2*f - 1254 = -2*m + 3038. List the prime factors of f.
2143
Let g(l) = -1 + 3*l - 3 - 12*l. Let s(w) = -w**2 - 5*w + 12. Let m be s(-7). List the prime factors of g(m).
2, 7
Let m(k) = -2*k**3 - 4*k**2 + k - 4. Let p be (1 - (1 - 2))/(6/(-15)). List the prime factors of m(p).
3, 47
Let z be (-5)/(-2)*(-68)/(-10). Suppose n = z + 45. List the prime factors of n.
2, 31
Suppose -9*m - 4*s - 12896 = -13*m, 5*m = -s + 16138. List the prime factors of m.
7, 461
Let j = 88 - 68. What are the prime factors of 0 + 1128/j - (-6)/10?
3, 19
Let c(o) = o**3 - 19*o**2 - 66*o - 32. What are the prime factors of c(24)?
2, 79
Let n be 4/(-14) + (54/42 - 1). Suppose 4*k + 501 - 11 = 3*m, n = 2*m - k - 335. List the prime factors of m.
2, 5, 17
Let l(j) = -j**2 + 3*j - 4. Let m be l(3). Let r be 20/11 + m/(-22). Suppose -r*f = -11 - 69. List the prime factors of f.
2, 5
Suppose 25*c + v + 9136 = 30*c, -2*c + 5*v = -3636. List the prime factors of c.
2, 457
Suppose 135 = 3*j - 726. List the prime factors of j.
7, 41
Let o(n) = -27*n**2 - 2*n + 1. Let w(q) = -q**2 - 4*q - 2. Let m be w(-4). Let u be o(m). Let i = -58 - u. What are the prime factors of i?
3, 5
Let o(v) be the first derivative of -v**4/4 - 2*v**3 + 5*v**2 - 14*v + 6. Let q be o(-8). Let r = 59 - q. What are the prime factors of r?
5
List the prime factors of ((-1375)/(-5) - 2)*420/98.
2, 3, 5, 13
Suppose -8*t + 8253 = 1365. Suppose 14*w + 273 - t = 0. List the prime factors of w.
2, 3, 7
List the prime factors of (-4144)/(-12) - 2/(-3).
2, 173
Let f = 1225 - -279. What are the prime factors of f?
2, 47
Let l = -49 - -100. Suppose -2*u - l = -3*u. List the prime factors of u.
3, 17
Let z = 535 + -229. Suppose -b + z = 15. List the prime factors of b.
3, 97
Suppose -7 + 3 = -p. Suppose -22 - 38 = -p*m. Suppose 0 = 2*k - 3*k + m. List the prime factors of k.
3, 5
Let x be (27/(-6))/1*-14. Suppose -c = -3*m - 5*c - 97, 2*m + c = -x. Let d = m + 76. What are the prime factors of d?
3, 5
Let f = 3 - 3. Suppose 2*t + 70 = 2*j, f*j = 5*t + 3*j + 207. Let p = -20 - t. What are the prime factors of p?
19
Let n(i) = i**3 + 13*i**2 + 44*i + 6. Let a be n(-6). Let v = 3 + 1. List the prime factors of (a/v)/((-14)/364).
3, 13
Suppose -5*y = -4 - 21. Suppose -2*w + 3*k - 4*k + 5 = 0, 4*k = y*w + 20. What are the prime factors of w/(-1) - (-24 + -2)?
2, 13
Let m(y) = -323*y - 326. List the prime factors of m(-9).
29, 89
Let o = 5406 - 3672. What are the prime factors of o?
2, 3, 17
Suppose -h = 1, -5*h + 3*h + 18 = -4*r. Let j = 69 + r. What are the prime factors of j?
2
Let u be (-5)/(3/(1*-3)). Let k be 24/(-6)*(-2 - -4 - 10). Suppose -z + 28 = 5*a - k, -4*z + u*a = -190. List the prime factors of z.
2, 5
Suppose 4*l - 96 = -0*l. Suppose 0 = -5*f + 56 + l. What are the prime factors of f?
2
Let r be 0/(0 - (-6)/(-3)). Suppose r*b = -5*b + 20. Suppose 61 = b*y - 5*f, -4*y = -3*y + f - 22. List the prime factors of y.
19
Let r(z) = -z**2 + 14*z - 1. Let j be r(14). Let a(n) = 183*n**2 + 7*n + 6. What are the prime factors of a(j)?
2, 7, 13
Let r(n) = 23*n**2 + 28*n + 57. What are the prime factors of r(-2)?
3, 31
Suppose 5*f + a - 236 = 0, 0 = 4*f - 2*a - 0*a - 186. What are the prime factors of f?
47
Let o(r) = 4*r - 30. Let s = 44 + -35. List the prime factors of o(s).
2, 3
Let x(o) = o**3 - 3*o**2 - 2*o - 3. Let l = -8 - -12. Let b be x(l). Suppose b*m + 1 = 6, -4*a + 77 = 5*m. What are the prime factors of a?
2, 3
Let q = -71 - -74. Suppose c - 5*c = 5*i - 543, 0 = q*c - 6. List the prime factors of i.
107
Let i = 23 + -24. Let x(v) = 25*v**2. What are the prime factors of x(i)?
5
Suppose -4*t + 11*t = 2408. List the prime factors of t.
2, 43
Let c = 250 - 114. Let m = c - 35. List the prime factors of m.
101
Suppose -9821 = -5*b + v, 0 = -b - 2*b + 5*v + 5897. List the prime factors of b.
2, 491
Suppose -o = -x - 5, 5*o + 5*x + 7 = 2. Suppose 275 = 5*b + j, -2*b - o*b + 2*j = -234. What are the prime factors of b?
2, 7
What are the prime factors of ((-276)/10)/(222/120 - 2)?
2, 23
Let q(d) = -2*d**3 - 3*d**2 - 4*d - 2. Let l(z) = z**2 - 4*z - 3. Let t be l(0). List the prime factors of q(t).
37
Suppose 22*p - 15 = 23*p. List the prime factors of (-13 - p)*(0 + 10).
2, 5
Suppose 0 = -h - 3*g + 15, h + 2*g + 1 = 11. Let b = 636 + -636. Suppose h = 2*a + a + 4*k - 96, b = a + 3*k - 32. What are the prime factors of a?
2
Let n(l) be the first derivative of l**2/2 + 2*l + 2. Let m be n(2). Suppose 0 = 4*o + m, k + 2*k = 3*o + 27. What are the prime factors of k?
2
Suppose -5*q = -0*q - 5*s - 480, -3*s = -3. List the prime factors of q.
97
Let c(w) = -5*w**3 + 4*w - 5. Let y be c(2). Let p = 174 + y. List the prime factors of p.
137
Suppose -3*t + 8*t = 110. Let y be (-10)/15 - t/(-6). Suppose -16 = -x + y*z, 3*x - 44 = 2*z - 10. What are the prime factors of x?
2, 5
Let z(h) = 62*h + 8. Let w be z(3). Suppose 0 = 2*n + 2*q - w, -2*q - 2*q - 122 = -n. What are the prime factors of n?
2, 3, 17
Let m = -29 + 27. Let d(r) = r**3 + r**2 + r. Let o be d(m). List the prime factors of (o + 0)/(21/(-56)).
2
Let n(l) = 7*l**2 - 2*l. Let x be n(1). Suppose 0 = 3*p + x*w - 190, 2*p + 2*w = -3*w + 135. What are the prime factors of p?
5, 11
Suppose 3*z + 0*z = -27. Let r be -2*z/6 - 0. Suppose -r*v + 216 = 3*v. List the prime factors of v.
2, 3
Suppose 10*s - 8*s = 1396. List the prime factors of s.
2, 349
Suppose -7*w + 3*q = -3*w - 430, -3*w + 325 = -q. What are the prime factors of w?
109
Suppose -2*f + 0*p + 4710 = -2*p, f = 4*p + 2340. List the prime factors of f.
2, 5, 59
Let d(o) = 6*o - 4 + 8*o - 4*o. Let s = 108 - 105. List the prime factors of d(s).
2, 13
Suppose 0 = z + 7*o - 6*o + 130, -o = 3*z + 388. Suppose -5*d - 294 = -3*u, -u = -5*d - 0*u - 298. Let n = d - z. What are the prime factors of n?
3, 23
Let z(u) = -u**2 + 24. Let l be z(0). Let v = l - 20. List the prime factors of (v + 3)*(-12)/(-14).
2, 3
Let i(t) = -5*t**3 + 5*t**2 - 8*t - 51. Let y(w) = -6*w**3 + 6*w**2 - 9*w - 51. Let b(m) = -7*i(m) + 6*y(m). List the prime factors of b(0).
3, 17
Suppose -2*s - 5*k = -6*s, 0 = k. Let p be 8/(-4) - (-2 - 0). Suppose s*y - 4*y = p, -50 = -2*i - 4*y. What are the prime factors of i?
5
Let a be 27/(-3)*-1 - 1. Suppose -k - 3*k = -a. Suppose 3*q - 39 = -4*g, k*g - 2*q - 43 = -3*g. List the prime factors of g.
3
Let h(y) = 34*y + 76. What are the prime factors of h(13)?
2, 7, 37
Let f = -34 + 33. List the prime factors of ((-27)/18)/(f/30).
3, 5
Let d = 221 + -48. Let g = d + -87. List the prime factors of g.
2, 43
Suppose -6189 = 575*w - 578*w. What are the prime factors of w?
2063
Let v = -5930 + 9756. What are the prime factors of v?
2, 1913
Let b(u) = 5*u**3 - 3*u**2 + 3. Suppose -17*c - 6 = -20*c. Let o(a) = -5*a**3 + 3*a**2 + a - 4. Let d(g) = c*o(g) + 3*b(g). What are the prime factors of d(2)?
3, 11
Let c(z) = 81*z - 167. What are the prime factors of c(12)?
5, 7, 23
Let o(p) = -4*p + 4. Let s be o(5). Let z be 76/(-6) + 2/3. What are the prime factors of ((-27)/z)/((-2)/s)?
2, 3
Let b = 55 - 33. Let j = -3 - -39. Let n = j - b. What are the prime factors of n?
2, 7
Let a(s) = 10*s + 3. Let l(d) = d**3 - 3*d**2 - 3*d + 2. Let m be l(4). List the prime factors of a(m).
3, 7
Let j(p) be the first derivative of 2*p**2 - 4*p - 18. Let f = -2 + 4. What are the prime factors of j(f)?
2
Let p = -1 + -1. What are the prime factors of 45 - 4*1/p?
47
Suppose 4*w = 0, 0 = -10*v + 5*v + 3*w - 25. What are the prime factors of 3/v - 5607/(-45)?
2, 31
Suppose 2*j - 6*j + 171 = -5*t, 4*j = -4*t + 144. Suppose -16*z + 52 = -3*z. Suppose z*a + j + 26 = 3*q, 4*a = -5*q + 55. List the prime factors of q.
3, 5
Let g(p) = -2*p - 3. Suppose b = 5*y - 2, 4*y - 4*b = 4 - 12. Suppose -5*f - y = 24. List the prime factors of g(f).
7
Let h be (-15)/(-6)*(13 - -1). Let d = h - 21. Suppose 3*q + 3*x = 1 + d,